{"id":14,"date":"2007-07-05T09:57:57","date_gmt":"2007-07-05T07:57:57","guid":{"rendered":"http:\/\/h1313429.stratoserver.net\/index.php\/marktordnung\/"},"modified":"2026-02-02T09:14:03","modified_gmt":"2026-02-02T08:14:03","slug":"marktordnung","status":"publish","type":"page","link":"https:\/\/www.dhd-maerkte.de\/?page_id=14","title":{"rendered":"Marktordnung"},"content":{"rendered":"\n<h1 class=\"wp-block-heading\">Allgemeine Marktordnung f\u00fcr alle DHD-Veranstaltungen<\/h1>\n\n\n\n<p><br \/>Die nachfolgende Marktordnung gilt f\u00fcr alle Veranstaltungen der DHD-M\u00e4rkte GmbH. Sie ist Bestandteil der vertraglichen Vereinbarungen zwischen dem Veranstalter und den Teilnehmern\/Ausstellern sowie Grundlage f\u00fcr den Zutritt von Besuchern. Mit Betreten des Veranstaltungsgel\u00e4ndes wird diese Marktordnung verbindlich anerkannt.<\/p>\n\n\n\n<p>1. Allgemeine Verhaltenspflichten und Haftung<br \/>Jeder Teilnehmer und Besucher hat sich so zu verhalten, dass keine Gef\u00e4hrdung, Behinderung oder Bel\u00e4stigung anderer Personen entsteht.<br \/>Die Teilnahme an der Veranstaltung erfolgt auf eigene Gefahr.<br \/>Der Veranstalter haftet ausschlie\u00dflich bei Vorsatz und grober Fahrl\u00e4ssigkeit. Bei einfacher Fahrl\u00e4ssigkeit haftet der Veranstalter nur bei Verletzung wesentlicher Vertragspflichten und begrenzt auf den vertragstypischen, vorhersehbaren Schaden.<br \/>Die Haftung f\u00fcr Sch\u00e4den aus der Verletzung des Lebens, des K\u00f6rpers oder der Gesundheit bleibt unber\u00fchrt.<br \/>Der Veranstalter haftet nicht f\u00fcr Sch\u00e4den, die durch andere Teilnehmer, Besucher oder Dritte verursacht werden.<br \/>F\u00fcr selbstverschuldete Unf\u00e4lle sowie f\u00fcr Sch\u00e4den an mitgebrachten Gegenst\u00e4nden, Waren, Fahrzeugen oder Aufbauten haftet ausschlie\u00dflich der jeweilige Verursacher.<\/p>\n\n\n\n<p>2. Verkaufszeiten<br \/>Sofern nicht ausdr\u00fccklich anders bekannt gegeben, gelten folgende Verkaufszeiten:<br \/>Samstag: 08:00 \u2013 16:00 Uhr<br \/>Sonntag: 11:00 \u2013 17:00 Uhr<\/p>\n\n\n\n<p>3. Anreise, Aufbau und Standplatzvergabe<br \/>Eine Anreise am Vortag sowie \u00dcbernachtungen auf dem Veranstaltungsgel\u00e4nde sind untersagt.<br \/>Die Standplatzvergabe erfolgt fr\u00fchestens ab 06:00 Uhr am Veranstaltungstag. Ein Aufbau vor dieser Zeit ist nicht gestattet.<br \/>Bei Zuwiderhandlung kann der Standplatz ohne Anspruch auf Ersatz ger\u00e4umt werden.<br \/>Die Vergabe der Standpl\u00e4tze erfolgt grunds\u00e4tzlich in der Reihenfolge des Eintreffens, wobei der Veranstalter aus organisatorischen Gr\u00fcnden berechtigt ist, einzelne Teilnehmer bevorzugt einzuweisen.<br \/>Ein Anspruch auf einen bestimmten Standplatz oder auf Ersatz von Aufwendungen oder entgangenem Gewinn besteht nicht.<\/p>\n\n\n\n<p>4. Weisungsrecht und Hausrecht<br \/>Den Anordnungen des Veranstalters, seiner Beauftragten und Helfer ist uneingeschr\u00e4nkt Folge zu leisten.<br \/>Der Veranstalter \u00fcbt auf dem gesamten Veranstaltungsgel\u00e4nde das Hausrecht aus.<br \/>Bei Verst\u00f6\u00dfen gegen diese Marktordnung oder Anweisungen des Veranstalters kann ein sofortiger Platzverweis ohne R\u00fcckerstattung des Standgeldes erfolgen.<\/p>\n\n\n\n<p>5. Standgr\u00f6\u00dfen, Fahrzeuge und Fl\u00e4chen<br \/>Die vom Teilnehmer angegebene Standgr\u00f6\u00dfe ist Grundlage f\u00fcr die Berechnung des Standgeldes.<br \/>Abweichungen werden nachberechnet.<br \/>Bei Verbleib eines Kraftfahrzeuges am Stand wird eine Mindestfrontl\u00e4nge von 3 Metern berechnet.<br \/>Die maximale Standtiefe betr\u00e4gt mit Fahrzeug 4 Meter, ohne Fahrzeug 2 Meter.<br \/>Zu gro\u00df dimensionierte Fahrzeuge oder Anh\u00e4nger sind nach dem Entladen unverz\u00fcglich auf die vorgesehenen Parkfl\u00e4chen zu verbringen.<br \/>Hauptg\u00e4nge sind jederzeit freizuhalten. Eine Nutzung der G\u00e4nge f\u00fcr Waren oder Aufbauten ist untersagt.<br \/>Der Veranstalter haftet nicht f\u00fcr Sch\u00e4den an Fahrzeugen oder Anh\u00e4ngern. Abschleppma\u00dfnahmen erfolgen auf Kosten des Teilnehmers.<\/p>\n\n\n\n<p>6. Strom- und Energieversorgung<br \/>Ein Anspruch auf Stromversorgung besteht nicht.<br \/>Der Veranstalter haftet nicht f\u00fcr Stromausf\u00e4lle, Spannungsschwankungen oder daraus resultierende Sch\u00e4den.<br \/>Eine Weitergabe oder ein Weiterverkauf von Strom ist untersagt.<br \/>Imbissst\u00e4nde haben Vorrang bei der Stromversorgung.<\/p>\n\n\n\n<p>7. Sicherungspflichten<br \/>St\u00e4nde, Aufbauten und Waren sind durch den Aussteller standsicher zu errichten und gegen Wind, Sturm und sonstige Witterungseinfl\u00fcsse zu sichern.<br \/>Der Aussteller ist f\u00fcr die Verkehrssicherung in seinem Standbereich einschlie\u00dflich der Kundenlauffl\u00e4che verantwortlich.<br \/>Der Veranstalter \u00fcbernimmt keine R\u00e4um- oder Streupflicht im Standbereich der Aussteller.<\/p>\n\n\n\n<p>8. Warenangebot und Genehmigungen<br \/>Neuware ist nur nach vorheriger Zustimmung des Veranstalters zul\u00e4ssig.<br \/>Imbiss-, Getr\u00e4nke- und Lebensmittelverkauf ist ausschlie\u00dflich mit gesondertem Vertrag erlaubt.<br \/>Der Aussteller ist selbst verantwortlich f\u00fcr alle erforderlichen Genehmigungen, Erlaubnisse und Nachweise.<br \/>Der Veranstalter \u00fcbernimmt keine Pr\u00fcfpflicht und stellt sich von s\u00e4mtlichen Anspr\u00fcchen Dritter frei.<\/p>\n\n\n\n<p>9. Verbotene Waren<br \/>Der Verkauf von verbotenen, gef\u00e4lschten, nicht lizenzierten oder gesetzeswidrigen Waren ist untersagt.<br \/>Bei Versto\u00df erfolgt ein sofortiger Platzverweis ohne R\u00fcckerstattung.<br \/>Der Aussteller stellt den Veranstalter von s\u00e4mtlichen daraus resultierenden Anspr\u00fcchen Dritter frei.<\/p>\n\n\n\n<p>10. M\u00fcll und Sauberkeit<br \/>Der Standplatz ist sauber zu hinterlassen.<br \/>Abf\u00e4lle sind privat zu entsorgen.<br \/>Bei Versto\u00df wird eine ggf. erhobene M\u00fcllkaution einbehalten. Evtl. wird ein Marktverbot ausgesprochen.<\/p>\n\n\n\n<p>11. Foto- und Videoaufnahmen<br \/>Auf dem Veranstaltungsgel\u00e4nde k\u00f6nnen Foto- und Videoaufnahmen angefertigt werden.<br \/>Diese dienen der Dokumentation und Werbung.<br \/>\u00dcbersichtsaufnahmen gelten als genehmigt. Einzelportr\u00e4ts erfolgen nur im Rahmen der gesetzlichen Zul\u00e4ssigkeit.<\/p>\n\n\n\n<p>12. H\u00f6here Gewalt<br \/>Bei Absage, Abbruch oder vorzeitigem Ende der Veranstaltung aufgrund h\u00f6herer Gewalt, beh\u00f6rdlicher Anordnung oder witterungsbedingter Umst\u00e4nde besteht kein Anspruch auf R\u00fcckerstattung oder Schadensersatz.<\/p>\n\n\n\n<p>13. Rechtswahl und Gerichtsstand<br \/>Es gilt ausschlie\u00dflich deutsches Recht.<br \/>Gerichtsstand ist, soweit gesetzlich zul\u00e4ssig, der Sitz des Veranstalters.<\/p>\n\n\n\n<p>DHD-M\u00e4rkte GmbH<br \/>Begaer Str. 20<br \/>32683 Barntrup<br \/><br \/><\/p>\n\n\n\n<p>Gesch\u00e4ftsf\u00fchrer: Hans-Eckhard Nahrwold<\/p>\n\n\n\n<p>Sitz der Gesellschaft: Barntrup&nbsp;<\/p>\n\n\n\n<p>Eingetragen beim Amtsgericht Lemgo HRB 8731<\/p>\n\n\n\n<p><\/p>\n\n\n\n<p><\/p>\n\n\n\n<p><\/p>\n\n\n\n<p><\/p>\n\n\n\n<p class=\"has-medium-font-size\"><strong>Finden Sie auf unseren M\u00e4rkten, wonach Sie schon immer gesucht haben<\/strong> oder machen Sie selbst mal einen Stand. Es lohnt sich immer. Schnell sind ein paar hundert Euro verdient und der Keller bietet wieder etwas mehr Platz.<\/p>\n\n\n\n<p>DHD-M\u00e4rkte GmbH (fr\u00fcher der heisse draht Abteilung M\u00e4rkte) aktualisiert auf der Homepage <strong>www.dhd-maerkte.de <\/strong>jede Woche die Termine, Anfangszeiten und Preise f\u00fcr seine Tr\u00f6delm\u00e4rkte, Tr\u00f6delmarkt und Flohmarkt, Flohm\u00e4rkte, Gro\u00dfflohm\u00e4rkte, Osnabr\u00fccker Kinderwelt, Babym\u00e4rkte, grossflohmarkt, gross-flohmarkt.de, Gross-Flohmarkt.de, grossflohmarkt.de, Gro\u00dfflohmarkt, Gro\u00dfflohm\u00e4rkte, Hannover-Messe, Neue Bult, Halle Gartlage, Telekomplatz Bad Salzuflen, Messe Zentrum Bad Salzuflen, Messezentrum Bad Salzuflen, Ikea Flohmarkt Osnabr\u00fcck,<\/p>\n","protected":false},"excerpt":{"rendered":"<p>Allgemeine Marktordnung f\u00fcr alle DHD-Veranstaltungen Die nachfolgende Marktordnung gilt f\u00fcr alle Veranstaltungen der DHD-M\u00e4rkte GmbH.&hellip; <a class=\"continue\" href=\"https:\/\/www.dhd-maerkte.de\/?page_id=14\">weiter lesen<span> Marktordnung<\/span><\/a><\/p>\n","protected":false},"author":3,"featured_media":0,"parent":0,"menu_order":10,"comment_status":"closed","ping_status":"closed","template":"","meta":{"ngg_post_thumbnail":0,"footnotes":""},"class_list":["post-14","page","type-page","status-publish","hentry"],"yoast_head":"<!-- This site is optimized with the Yoast SEO plugin v27.1.1 - https:\/\/yoast.com\/product\/yoast-seo-wordpress\/ -->\n<title>Marktordnung - DHD M\u00e4rkte<\/title>\n<meta name=\"robots\" content=\"index, follow, max-snippet:-1, max-image-preview:large, max-video-preview:-1\" \/>\n<link rel=\"canonical\" href=\"https:\/\/www.dhd-maerkte.de\/?page_id=14\" \/>\n<meta property=\"og:locale\" content=\"de_DE\" \/>\n<meta property=\"og:type\" content=\"article\" \/>\n<meta property=\"og:title\" content=\"Marktordnung - DHD M\u00e4rkte\" \/>\n<meta property=\"og:description\" content=\"Allgemeine Marktordnung f\u00fcr alle DHD-Veranstaltungen Die nachfolgende Marktordnung gilt f\u00fcr alle Veranstaltungen der DHD-M\u00e4rkte GmbH.&hellip; weiter lesen Marktordnung\" \/>\n<meta property=\"og:url\" content=\"https:\/\/www.dhd-maerkte.de\/?page_id=14\" \/>\n<meta property=\"og:site_name\" content=\"DHD M\u00e4rkte\" \/>\n<meta property=\"article:modified_time\" content=\"2026-02-02T08:14:03+00:00\" \/>\n<meta name=\"twitter:card\" content=\"summary_large_image\" \/>\n<meta name=\"twitter:label1\" content=\"Gesch\u00e4tzte Lesezeit\" \/>\n\t<meta name=\"twitter:data1\" content=\"5\u00a0Minuten\" \/>\n<script type=\"application\/ld+json\" class=\"yoast-schema-graph\">{\"@context\":\"https:\/\/schema.org\",\"@graph\":[{\"@type\":\"WebPage\",\"@id\":\"https:\/\/www.dhd-maerkte.de\/?page_id=14\",\"url\":\"https:\/\/www.dhd-maerkte.de\/?page_id=14\",\"name\":\"Marktordnung - DHD M\u00e4rkte\",\"isPartOf\":{\"@id\":\"https:\/\/www.dhd-maerkte.de\/#website\"},\"datePublished\":\"2007-07-05T07:57:57+00:00\",\"dateModified\":\"2026-02-02T08:14:03+00:00\",\"breadcrumb\":{\"@id\":\"https:\/\/www.dhd-maerkte.de\/?page_id=14#breadcrumb\"},\"inLanguage\":\"de\",\"potentialAction\":[{\"@type\":\"ReadAction\",\"target\":[\"https:\/\/www.dhd-maerkte.de\/?page_id=14\"]}]},{\"@type\":\"BreadcrumbList\",\"@id\":\"https:\/\/www.dhd-maerkte.de\/?page_id=14#breadcrumb\",\"itemListElement\":[{\"@type\":\"ListItem\",\"position\":1,\"name\":\"Startseite\",\"item\":\"https:\/\/www.dhd-maerkte.de\/\"},{\"@type\":\"ListItem\",\"position\":2,\"name\":\"Marktordnung\"}]},{\"@type\":\"WebSite\",\"@id\":\"https:\/\/www.dhd-maerkte.de\/#website\",\"url\":\"https:\/\/www.dhd-maerkte.de\/\",\"name\":\"DHD M\u00e4rkte\",\"description\":\"Gro\u00dfflohm\u00e4rkte in deiner Region\",\"potentialAction\":[{\"@type\":\"SearchAction\",\"target\":{\"@type\":\"EntryPoint\",\"urlTemplate\":\"https:\/\/www.dhd-maerkte.de\/?s={search_term_string}\"},\"query-input\":{\"@type\":\"PropertyValueSpecification\",\"valueRequired\":true,\"valueName\":\"search_term_string\"}}],\"inLanguage\":\"de\"}]}<\/script>\n<!-- \/ Yoast SEO plugin. -->","yoast_head_json":{"title":"Marktordnung - DHD M\u00e4rkte","robots":{"index":"index","follow":"follow","max-snippet":"max-snippet:-1","max-image-preview":"max-image-preview:large","max-video-preview":"max-video-preview:-1"},"canonical":"https:\/\/www.dhd-maerkte.de\/?page_id=14","og_locale":"de_DE","og_type":"article","og_title":"Marktordnung - DHD M\u00e4rkte","og_description":"Allgemeine Marktordnung f\u00fcr alle DHD-Veranstaltungen Die nachfolgende Marktordnung gilt f\u00fcr alle Veranstaltungen der DHD-M\u00e4rkte GmbH.&hellip; weiter lesen Marktordnung","og_url":"https:\/\/www.dhd-maerkte.de\/?page_id=14","og_site_name":"DHD M\u00e4rkte","article_modified_time":"2026-02-02T08:14:03+00:00","twitter_card":"summary_large_image","twitter_misc":{"Gesch\u00e4tzte Lesezeit":"5\u00a0Minuten"},"schema":{"@context":"https:\/\/schema.org","@graph":[{"@type":"WebPage","@id":"https:\/\/www.dhd-maerkte.de\/?page_id=14","url":"https:\/\/www.dhd-maerkte.de\/?page_id=14","name":"Marktordnung - DHD M\u00e4rkte","isPartOf":{"@id":"https:\/\/www.dhd-maerkte.de\/#website"},"datePublished":"2007-07-05T07:57:57+00:00","dateModified":"2026-02-02T08:14:03+00:00","breadcrumb":{"@id":"https:\/\/www.dhd-maerkte.de\/?page_id=14#breadcrumb"},"inLanguage":"de","potentialAction":[{"@type":"ReadAction","target":["https:\/\/www.dhd-maerkte.de\/?page_id=14"]}]},{"@type":"BreadcrumbList","@id":"https:\/\/www.dhd-maerkte.de\/?page_id=14#breadcrumb","itemListElement":[{"@type":"ListItem","position":1,"name":"Startseite","item":"https:\/\/www.dhd-maerkte.de\/"},{"@type":"ListItem","position":2,"name":"Marktordnung"}]},{"@type":"WebSite","@id":"https:\/\/www.dhd-maerkte.de\/#website","url":"https:\/\/www.dhd-maerkte.de\/","name":"DHD M\u00e4rkte","description":"Gro\u00dfflohm\u00e4rkte in deiner Region","potentialAction":[{"@type":"SearchAction","target":{"@type":"EntryPoint","urlTemplate":"https:\/\/www.dhd-maerkte.de\/?s={search_term_string}"},"query-input":{"@type":"PropertyValueSpecification","valueRequired":true,"valueName":"search_term_string"}}],"inLanguage":"de"}]}},"_links":{"self":[{"href":"https:\/\/www.dhd-maerkte.de\/index.php?rest_route=\/wp\/v2\/pages\/14","targetHints":{"allow":["GET"]}}],"collection":[{"href":"https:\/\/www.dhd-maerkte.de\/index.php?rest_route=\/wp\/v2\/pages"}],"about":[{"href":"https:\/\/www.dhd-maerkte.de\/index.php?rest_route=\/wp\/v2\/types\/page"}],"author":[{"embeddable":true,"href":"https:\/\/www.dhd-maerkte.de\/index.php?rest_route=\/wp\/v2\/users\/3"}],"replies":[{"embeddable":true,"href":"https:\/\/www.dhd-maerkte.de\/index.php?rest_route=%2Fwp%2Fv2%2Fcomments&post=14"}],"version-history":[{"count":0,"href":"https:\/\/www.dhd-maerkte.de\/index.php?rest_route=\/wp\/v2\/pages\/14\/revisions"}],"wp:attachment":[{"href":"https:\/\/www.dhd-maerkte.de\/index.php?rest_route=%2Fwp%2Fv2%2Fmedia&parent=14"}],"curies":[{"name":"wp","href":"https:\/\/api.w.org\/{rel}","templated":true}]}}